culate the highest common divisor of b and 65.
13
Let z be ((-18)/4)/((-3)/(-6)). Let v be (z + 1)*(13 + -14). Calculate the highest common divisor of 72 and v.
8
Let q(h) = h**3 - 13*h**2 + 17*h - 1. Let f be q(12). Calculate the highest common divisor of 531 and f.
59
Let f be ((-30)/(-3))/((-2)/10). Let x = 77 + f. Suppose 0*c = a + c - 14, c = -4*a + 41. Calculate the highest common factor of a and x.
9
Suppose 5*v - y - 24 - 53 = 0, 3*v + 2*y - 54 = 0. What is the highest common factor of v and 16?
16
Suppose -q + 16 = 9. What is the highest common divisor of 28 and q?
7
Suppose -d + 3*d = 26. Calculate the greatest common factor of d and 130.
13
Let i = -1 + 2. Let g = 2 + i. Calculate the highest common divisor of g and 27.
3
Let c(b) = -12*b + 1. Let l be c(-2). Let n(m) = -3*m + 1. Let r be -1 + (-3 - -2)*2. Let q be n(r). Calculate the greatest common divisor of q and l.
5
Let z(x) = -4*x**2 + x - 1. Let j be z(1). Let d be (0 - -2) + j/(-2). Suppose 5*h - 3 = 2*h. Calculate the greatest common divisor of d and h.
1
Let s = 19 - 13. Let d = -39 + 48. Let c = d - s. What is the highest common divisor of c and 12?
3
Let v be ((-5)/3)/((-11)/198). Calculate the greatest common divisor of v and 15.
15
Let l(t) = 167*t**2 + t. Let o be l(1). Let j = 370 - o. Let p = j + -130. What is the greatest common factor of 12 and p?
12
Let f(u) = 2*u**2 + 10*u + 8. Let l = 1 - 7. Let n be f(l). Calculate the highest common factor of 100 and n.
20
Let o(h) = -2*h + 37. Let m be o(6). Calculate the highest common factor of 275 and m.
25
Let m be ((-2)/2 - -2) + -3. Let y be 1/m - (-559)/26. Calculate the greatest common divisor of 105 and y.
21
Let c be (-1)/2 - 975/(-6). Let w = -22 - -40. Calculate the greatest common factor of c and w.
18
Suppose 3*b + 42 = -k, -2 = -4*k - 14. Suppose -3*n + 0*n - 4*i = -23, -i + 10 = 5*n. Let m = n - b. What is the greatest common factor of 35 and m?
7
Suppose 10*w - 6*w - 8 = 0. Suppose -w*y = 4*u - 70, 3*u + y - 36 = 5*y. What is the greatest common factor of 48 and u?
16
Suppose -11 - 21 = -2*l. What is the greatest common factor of 128 and l?
16
Let n(d) = d**2 + 8*d + 12. Let h be n(-8). Calculate the highest common divisor of 6 and h.
6
Let d(q) = 6*q - 22. Let a be d(4). Let b(m) = -6*m. Let x be b(-1). Calculate the highest common divisor of a and x.
2
Suppose g = -g - 14. Let m = -6 - g. Let a be -33*((-4)/3 - m). Calculate the greatest common factor of 11 and a.
11
Let x = -12 - -24. Suppose 4*m - 397 = 587. Let t = -138 + m. What is the greatest common factor of t and x?
12
Let i be (0 - (-3 + -1)) + 56. What is the greatest common divisor of 12 and i?
12
Let i = -7 - -8. Calculate the greatest common divisor of 11 and i.
1
Let s = -21 + 9. Let c = -6 - s. Let a be (8 + -2)*(1 + 4). What is the greatest common factor of a and c?
6
Let s(v) = -v**3 - 13*v**2 - 23*v + 11. Let l be s(-11). Calculate the highest common divisor of 176 and l.
22
Let f be 8/3 + (-2)/3. Let u = 12 - f. Let j be 3 + (-2 - 0) - -1. What is the highest common divisor of j and u?
2
Let t be 2 - 0 - (2 + -4). Let u be 56/6 - t/(-6). Suppose 2*d = -3*p + 6 + 10, -d + 3*p - u = 0. Calculate the highest common divisor of 3 and d.
1
Let b(w) = 6*w. Let o be b(-5). Let h be (o/(2/(-2)))/1. Calculate the greatest common factor of 10 and h.
10
Suppose -3*p - z = -25, -5*p + 25 + 20 = z. Suppose s - p = -0*s. Let f be -3*4/(-6)*s. What is the greatest common divisor of 50 and f?
10
Let b(p) = p**3 - 10*p**2 - 12*p + 15. Let o be b(11). Calculate the greatest common factor of 4 and o.
4
Suppose -2*h + 4*h = 6. Suppose h*x + 462 - 50 = 5*r, -420 = -5*r + 5*x. What is the greatest common divisor of r and 16?
16
Let j = 601 - 596. Let t(f) be the third derivative of f**5/30 + f**4/4 + 2*f**3/3 - f**2. Let k be t(-6). What is the highest common divisor of k and j?
5
Let f = 337 + -225. Let b = -12 - -17. Let k = 9 + b. Calculate the highest common divisor of f and k.
14
Let z be (5 + -4)/((-2)/(-26)). Let x = -14 - -5. Let y = z - x. Calculate the greatest common divisor of y and 44.
22
Suppose 0 = 5*v - 4 - 11. Suppose -f = 1, 0*f = -v*i - 3*f + 30. What is the highest common divisor of 33 and i?
11
Suppose 0 = 4*k + k - 480. What is the highest common divisor of 24 and k?
24
Let c(q) = -45*q - 3. Let x be c(-1). Calculate the highest common factor of x and 6.
6
Let k = -5 + 5. Suppose k = 3*q + 2*q - 40. Suppose q = -3*f + 17. What is the highest common factor of f and 21?
3
Suppose -d - 3*d = 0. Let x = d + -1. Let j be (-11)/(-4)*(-4)/x. Calculate the highest common divisor of 88 and j.
11
Suppose k = 3*y, y + 32 = k + 2*k. What is the greatest common factor of k and 30?
6
Let r = -39 + 69. Let a = r - 17. Suppose 0 = -5*o + 4*b + 73, 10 = -8*b + 3*b. Calculate the highest common factor of a and o.
13
Suppose 0 = 2*l - 4*u, 0 = 4*l - u + 3*u - 10. Let v be ((2*-2)/2)/(15/(-120)). What is the greatest common divisor of v and l?
2
Let i = -28 - -78. Let m = i - 14. What is the highest common divisor of m and 9?
9
Let c = 0 - -4. Suppose u = c - 1. Let n = -12 - -36. Calculate the greatest common factor of u and n.
3
Let h be (-72)/(-30)*35/(-2). Let m = h - -163. Calculate the highest common divisor of 11 and m.
11
Let x be ((-84)/49)/((-2)/21) - 1. What is the greatest common factor of x and 136?
17
Suppose h - 5*h + 5*y + 8 = 0, 5*h = -3*y + 10. Let d(t) = 47*t + 1. Let l be d(h). What is the highest common divisor of 19 and l?
19
Let k(l) = l**2 + 3*l + 1. Let j be k(6). What is the greatest common factor of j and 5?
5
Let r be (-2)/(-3 + 1) - -68. Suppose r = 4*a - 3*b + 10, -32 = -2*a + 4*b. Calculate the highest common divisor of 21 and a.
7
Suppose 5*t - 6 = 2*t. What is the greatest common factor of 1 and t?
1
Suppose -4*q = -2*q - 20. Let s be 102/9 - q/(-15). What is the highest common divisor of s and 12?
12
Suppose -r + 3*r - 40 = 0. Let q be r/(-5) - (0 - 114). Suppose 5*x - 100 = 2*c, -5*x + 40 = -3*c - 55. Calculate the highest common divisor of q and x.
22
Let p be 5 + -3 - (1 - 6). What is the highest common divisor of 1 and p?
1
Suppose -4*r + r + 30 = 0. Let u = -79 - -119. What is the highest common divisor of r and u?
10
Suppose 3*o + 6 = -3. Let l(p) = -p**2 - 5*p - 3. Let x be l(o). What is the greatest common divisor of 2 and x?
1
Suppose u + 380 = 2*y, y + u - 580 = -2*y. Calculate the highest common divisor of 24 and y.
24
Suppose l + 5*y = 4*l - 68, -y = l - 12. What is the highest common divisor of l and 64?
16
Let z = -5 - -11. What is the greatest common factor of 24 and z?
6
Suppose p - 50 = 2. What is the greatest common factor of 13 and p?
13
Suppose -2*o + 0*o + 2*y = -22, 3*y = -2*o + 7. Let q be (-37)/(-3) - 1/3. What is the greatest common factor of q and o?
4
Suppose 0*w = -2*w + 36. Let z(m) be the first derivative of 21*m**2 - 6*m - 1. Let x be z(4). Calculate the greatest common factor of x and w.
18
Suppose 19*k + 96 = 22*k. What is the highest common divisor of k and 288?
32
Let l = 8 + 4. Calculate the highest common factor of 24 and l.
12
Suppose -3*f - 9 - 10 = 2*d, 36 = -5*f + d. Let t = 10 + f. Let k = 76 - 43. What is the highest common divisor of k and t?
3
Suppose 6*x = 2*x + 168. What is the highest common factor of x and 12?
6
Suppose -f = 2*f + 3*j - 21, -2*j - 1 = -f. Let n be 32/f + 4/(-10). Suppose 3*p - n*p + 21 = 0. What is the greatest common factor of 77 and p?
7
Suppose 12*a - 13*a = -3. Let b = -2 + 1. Let t be 21 - -2 - 0 - b. What is the greatest common divisor of t and a?
3
Suppose 0 = -3*p - 2*q + 22, -5 = -5*p - 2*q + 37. Calculate the highest common divisor of p and 25.
5
Let o(c) = -c**2 + 8*c + 11. Let g be o(9). Suppose -5*x + 105 = 5*h, -x = -g*x - 3*h + 19. Calculate the highest common divisor of x and 11.
11
Let o = 54 - -22. Let y = o - 46. Let v = 48 - 28. What is the highest common divisor of y and v?
10
Let o = -80 - -102. What is the greatest common factor of o and 77?
11
Let w(i) = 57*i - 16. Let n be w(8). What is the greatest common divisor of 40 and n?
40
Let b(v) = -v**3 - 33 - 28*v**2 - v + 27*v**2 + 101. Let w be b(0). Calculate the greatest common divisor of 17 and w.
17
Let h(y) = 3*y**2 - y. Let f(q) = q**3 + 2*q**2 - 2*q + 2. Let b be f(-3). Let g 